{"id":1733,"date":"2018-06-23T09:16:44","date_gmt":"2018-06-23T08:16:44","guid":{"rendered":"http:\/\/www.romaindayez.com\/?page_id=1733"},"modified":"2023-02-24T15:11:24","modified_gmt":"2023-02-24T14:11:24","slug":"presse","status":"publish","type":"page","link":"https:\/\/www.romaindayez.com\/?page_id=1733","title":{"rendered":"PRESSE"},"content":{"rendered":"<p><strong>PRESSE<\/strong><\/p>\n<p>&#8211; ODB-OPERA.COM &#8211; avril 2020 \/ magazine : <a href=\"https:\/\/www.odb-opera.com\/joomfinal\/index.php\/les-dossiers\/48-les-chanteurs\/334-romain-dayez\">Romain Dayez, baryton arty et alternatif<\/a><br \/>\n&#8211; RTBF.BE (Musiq3) &#8211; avril 2020 \/ radio : <a href=\"https:\/\/www.rtbf.be\/auvio\/detail_puisque-vous-avez-du-talent?id=2626062\">Puisque vous avez du talent \/ Romain Dayez : \u00ab\u00a0Des r\u00e9pertoires sous-d\u00e9fendus pourraient dispara\u00eetre..\u00a0\u00bb<\/a> \/ Laurent Graulus<br \/>\n&#8211; RTBF.BE (Musiq3) &#8211; juin 2019 \/ radio : <a href=\"https:\/\/www.rtbf.be\/musiq3\/emissions\/detail_demandez-le-programme?programId=8775&#038;fbclid=IwAR2X8Bln8OTFKWnAl4QBg3rgyqjKPD6mnnXgCDwEDNnDy9GEaOb6ApYVDE4\">Demandez le programme<\/a> \/ Camille De Rijck<br \/>\n&#8211; RTBF.BE (Musiq3) &#8211; septembre 2019 \/ TV : <a href=\"https:\/\/www.rtbf.be\/auvio\/detail_le-journal-du-festival-musiq3-en-brabant-wallon-en-tv?id=2548359\">Rencontre avec Romain Dayez<\/a> \/ Brigitte Mahaux<br \/>\n&#8211; OPERETTE THEATRE MAGAZINE &#8211; juin 2019 \/ magazine : <a href=\"https:\/\/www.facebook.com\/romaindayez\/photos\/a.10151253389001001\/10157150004976001\/?type=3&#038;theater\">Rencontre avec Romain Dayez<\/a><br \/>\n&#8211; DELIBERE.FR &#8211; mai 2018 \/ blog : <a href=\"http:\/\/delibere.fr\/portrait-de-voix-romain-dayez-baryton\/romain-dayez\/\">La voix de Romain Dayez<\/a><br \/>\n&#8211; HORACE.CO &#8211; avril 2018 \/ magazine : <a href=\"https:\/\/horace.co\/fr\/guides\/morning-routine-romain-dayez\">Dans la routine de Romain Dayez<\/a><\/p>\n<p><strong>MENTIONS<\/strong><\/p>\n<p>\u00ab\u00a0D\u00e9jant\u00e9, Romain Dayez a le sens du parfait timing qui fait les grands comiques, le naturel du chant et l\u2019\u00e9motion qui est l\u00e0 quand on la convoque. Avec cela, un corps \u00e0 la Fred Astaire, souple comme un f\u00e9lin tout en longueur.\u00a0\u00bb<br \/>\n<span style=\"color: #B7B7B7;\">H\u00e9l\u00e8ne Delavault, chanteuse<\/span><\/p>\n<p>\u00ab\u00a0Un homme et un artiste cultiv\u00e9, curieux, \u00e9clectique et attachant, aux possibilit\u00e9s vocales impressionnantes. Un artiste dont on n\u2019a pas fini de parler !\u00a0\u00bb<br \/>\n<span style=\"color: #B7B7B7;\">Laurent Graulus, journaliste<\/span><\/p>\n<p><strong>CRITIQUES<\/strong><\/p>\n<p>\u00ab\u00a0Le baryton Romain Dayez allie ardeur et gravit\u00e9 dans ses d\u00e9clarations et offre une expressivit\u00e9 tout \u00e0 fait digne du r\u00e9pertoire baroque auquel il est rompu. Le timbre \u00e9pais de sa voix enrobe sans difficult\u00e9 l&rsquo;acoustique quelque peu s\u00e8che de l&rsquo;auditorium.\u00a0\u00bb<br \/>\n<span style=\"color: #B7B7B7;\">Pulcinella &#8211; Olyrix <\/span><\/p>\n<p>\u00ab\u00a0Pour celui qui incarne l&rsquo;autre camp, Romain Dayez (Buonafede) est tr\u00e8s \u00e0 l&rsquo;aise dans le chant. M\u00eame s&rsquo;il sait fort bien produire des bruitages \u00e0 la Tex Avery, c&rsquo;est en d\u00e9ployant sa voix lyrique, grave et \u00e9lev\u00e9e qu&rsquo;il se met \u00e0 danser sur la lune. Ses lignes ainsi m\u00e9lodieuses et marqu\u00e9es, ses grandes vocalises et ces voyelles qui claquent rappellent furieusement Mozart. Romain Dayez aurait sans doute bien mieux profit\u00e9 de la version avec r\u00e9citatifs de cette \u0153uvre, tant il d\u00e9ploie d&#8217;embl\u00e9e dans ses phrases l&rsquo;\u00e9clat de r\u00e9sonances cuivr\u00e9es aux couleurs affirm\u00e9es.\u00a0\u00bb<br \/>\n<span style=\"color: #B7B7B7;\">Il Mondo della Luna &#8211; Olyrix <\/span><\/p>\n<p>\u00ab\u00a0Le baryton Romain Dayez, athl\u00e9tique Buonafede, est irr\u00e9sistible au finale du I, lorsqu\u2019il croit s\u2019envoler. La voix est ample, longue et bien timbr\u00e9e, toujours intelligible. Au II, l\u2019aria con balletto \u00ab Che mondo amabile \u00bb, avec les vents, est une r\u00e9ussite.\u00a0\u00bb<br \/>\n<span style=\"color: #B7B7B7;\">Il Mondo della Luna &#8211; Forum Opera <\/span><\/p>\n<p>\u00ab\u00a0Le baryton wallon Romain Dayez ne fait qu\u2019une bouch\u00e9e du personnage de Buonafede, avec des qualit\u00e9s vocales qui vont de pair avec un exceptionnel temp\u00e9rament sc\u00e9nique. Loin de toute caricature et de tout simplisme ben\u00eat, il apporte \u00e0 son personnage une na\u00efvet\u00e9 joyeuse et plus de complexit\u00e9 qu\u2019on n\u2019attend dans ce r\u00f4le, ce qui lui vaut un succ\u00e8s amplement m\u00e9rit\u00e9 aux saluts.\u00a0\u00bb<br \/>\n<span style=\"color: #B7B7B7;\">Il Mondo della Luna &#8211; Concertonet <\/span><\/p>\n<p>\u00ab\u00a0Romain Dayez remporte en Buonafede un succ\u00e8s m\u00e9rit\u00e9. Le timbre est d\u2019un beau velours (m\u00eame si le chanteur se sp\u00e9cialise et excelle dans le genre bouffe, ce type de voix devrait lui permettre d\u2019\u00e9largir le panel de ses r\u00f4les et d\u2019incarner \u00e9galement des personnages \u00ab nobles \u00bb\u2026), la projection garde son aisance sur toute la tessiture (avec des aigus particuli\u00e8rement s\u00fbrs), et surtout l\u2019interpr\u00e9tation du personnage est tr\u00e8s int\u00e9ressante : plut\u00f4t que de faire de Buonafede l\u2019habituel vieillard d\u00e9sagr\u00e9able et libidineux, il lui conf\u00e8re un aspect d\u00e9cal\u00e9, \u00ab hors-sol \u00bb, lunaire (!) qui le rend \u00e0 la fois dr\u00f4le et presque touchant en d\u00e9pit de ses d\u00e9fauts ! \u00bb<br \/>\n<span style=\"color: #B7B7B7;\">Il Mondo della Luna &#8211; Premi\u00e8re loge <\/span><\/p>\n<p>\u00ab\u00a0Constamment pr\u00e9sent, Romain Dayez en Buonafede assure sa double t\u00e2che th\u00e9\u00e2trale et musicale avec un r\u00e9el brio.\u00a0\u00bb<br \/>\n<span style=\"color: #B7B7B7;\">Il Mondo della Luna &#8211; Resmusica<\/span><\/p>\n<p>\u00ab\u00a0Buonafede (Romain Dayez) tient bien la sc\u00e8ne et chante avec aisance sans souffrir de la combinaison dialogue-chant. En effet, c&rsquo;est remarquable que le personnage finisse par se d\u00e9tacher un peu du st\u00e9r\u00e9otype du bouffon goldonien.\u00a0\u00bb (trad.)<br \/>\n<span style=\"color: #B7B7B7;\">Il Mondo della Luna &#8211; Fattitaliani<\/span><\/p>\n<p>\u00ab\u00a0Romain Dayez, baryton au panache lumineux, au timbre cors\u00e9 et \u00e0 la projection g\u00e9n\u00e9reuse, s\u2019impose en Papageno boute-en-train insouciant et jouisseur.\u00a0\u00bb<br \/>\n<span style=\"color: #B7B7B7;\">La Fl\u00fbte Enchant\u00e9e &#8211; Forum Opera<\/span><\/p>\n<p>\u00ab\u00a0L\u2019accessit masculin va \u00e0 Romain Dayez, dont on peut admirer, dans son tr\u00e8s maladroit personnage d\u2019aristocrate introverti, la r\u00e9elle aisance sc\u00e9nique et surtout une diction claire et r\u00e9fl\u00e9chie accompagn\u00e9e d\u2019une projection de qualit\u00e9.\u00a0\u00bb<br \/>\n<span style=\"color: #B7B7B7;\">Reigen &#8211; Musicasola<\/span><\/p>\n<p>\u00ab\u00a0Une vraie signature vocale, une voix puissante, marqu\u00e9e et marquante, comme par exemple celle du baryton Romain Dayez (qui interpr\u00e8te ici plusieurs r\u00f4les avec brio).\u00a0\u00bb<br \/>\n<span style=\"color: #B7B7B7;\">Les Mis\u00e9rables &#8211; RegArts<\/span><\/p>\n<p>\u00ab Romain Dayez n\u2019a que peu \u00e0 chanter (et c\u2019est dommage car il le fait fort bien, avec un timbre clair et bien projet\u00e9), mais il poss\u00e8de une vis comica incroyable, lui permettant de faire de Bagnolet un personnage compl\u00e8tement d\u00e9jant\u00e9, faisant rire la salle \u00e0 chacune de ses apparitions avec sa diction truff\u00e9e de liaisons mal-t-\u00e0-propos et son jeu sc\u00e9nique encombr\u00e9 de gestes inattendus et d\u00e9sopilants. \u00bb<br \/>\n<span style=\"color: #B7B7B7;\">Les P&rsquo;tites Michu &#8211; Premi\u00e8re Loge<\/span><\/p>\n<p>\u00ab Avec sa voix lumineuse et magnifiquement projet\u00e9e, son fianc\u00e9, le s\u00e9duisant baryton Romain Dayez est tr\u00e8s convaincant dans un r\u00f4le exigeant autorit\u00e9, finesse et tendresse. \u00bb<br \/>\n<span style=\"color: #B7B7B7;\">Les Bains Macabres &#8211; Forum opera<\/span><\/p>\n<p>\u00ab Romain Dayez, son fantomatique fianc\u00e9, a la lourde t\u00e2che de passer rapidement de l\u2019h\u00e9ro\u00efsme \u00e0 l\u2019\u00e9l\u00e9gie ; la voix passe les crescendo de l\u2019orchestre et fait valoir un timbre homog\u00e8ne et prenant jusque dans les plus infimes pianissimi. \u00bb<br \/>\n<span style=\"color: #B7B7B7;\">Les Bains Macabres &#8211; Bachtrack<\/span><\/p>\n<p>\u00ab Romain Dayez, dot\u00e9 d\u2019un tr\u00e8s beau timbre, incarne avec sensibilit\u00e9 l\u2019amant de C\u00e9lia, Math\u00e9o. \u00bb<br \/>\n<span style=\"color: #B7B7B7;\">Les Bains Macabres &#8211; Classic Agenda<\/span><\/p>\n<p>\u00ab un Math\u00e9o spectral et bois\u00e9, \u00e0 l\u2019impressionnant l\u00e9gato et au phras\u00e9 \u00e9th\u00e9r\u00e9 \u00bb<br \/>\n<span style=\"color: #B7B7B7;\">Les Bains Macabres &#8211; Opera Online<\/span><\/p>\n<p>\u00ab\u00a0Les chauds applaudissements lors des saluts confirment cet engouement pour cet oiseleur et les talents de com\u00e9diens de Romain Dayez. Son timbre de chanteur gagne en largeur au fil du spectacle et offre un tr\u00e8s r\u00e9ussi duo avec sa Papagena.\u00a0\u00bb<br \/>\n<span style=\"color: #B7B7B7;\">La Fl\u00fbte Enchant\u00e9e &#8211; Olyrix<\/span><\/p>\n<p>\u00ab\u00a0Dans cette ambiance solennelle, c\u2019est burlesque offert par Papageno (le baryton Romain Dayez) qui fait recette. Le personnage pataud et gaffeur est au centre de l\u2019op\u00e9ra et plus encore de cette production.\u00a0\u00bb<br \/>\n<span style=\"color: #B7B7B7;\">La Fl\u00fbte Enchant\u00e9e &#8211; La Montagne<\/span><\/p>\n<p>\u00ab\u00a0Romain Dayez incarne un Oristeo empli de la noblesse de sa voix de baryton, bien stable sur toute l&rsquo;\u00e9tendue du registre. Son d\u00e9guisement en jardinier, affubl\u00e9 d&rsquo;une comique voix de fausset, donne lieu \u00e0 de savoureux passages burlesques.\u00a0\u00bb<br \/>\n<span style=\"color: #B7B7B7;\">L\u2019Oristeo &#8211; Baroquiades<\/span><\/p>\n<p>\u00ab\u00a0Romain Dayez est un Papageno hilarant qui marque les spectateurs, notamment lorsqu\u2019il se prom\u00e8ne au milieu du public.\u00a0\u00bb<br \/>\n<span style=\"color: #B7B7B7;\">La Fl\u00fbte Enchant\u00e9e &#8211; Fondation Varenne<\/span><\/p>\n<p>\u00ab\u00a0Romain Dayez fait l\u2019unanimit\u00e9.\u00a0\u00bb\u2028<br \/>\n<span style=\"color: #B7B7B7;\">Reigen &#8211; Bladsurb<\/span><\/p>\n<p>\u00ab\u00a0Dou\u00e9 d&rsquo;un \u00e9tonnant talent comique naturel, Romain Dayez propulse \u00e9galement le personnage secondaire de Fiorello au-devant de la sc\u00e8ne, le jeune baryton belge marquant de fait les esprits par la conjonction d&rsquo;une voix magnifiquement timbr\u00e9e et d&rsquo;une parfaite ma\u00eetrise du style requis par ce r\u00e9pertoire. \u00bb\u2028<br \/>\n<span style=\"color: #B7B7B7;\">Il Barbiere di Siviglia &#8211; Concertonet<\/span><\/p>\n<p>\u00ab\u00a0Romain Dayez dans le r\u00f4le de Fiorello est un escogriffe comique avec une belle voix sonore. \u00bb \u2028<br \/>\n<span style=\"color: #B7B7B7;\">Il Barbiere di Siviglia &#8211; Olyrix <\/span><\/p>\n<p>\u00ab\u00a0Le baryton Romain Dayez est dot\u00e9 d&rsquo;un timbre grave et viril, plein d&rsquo;autorit\u00e9&#8230; \u00bb \u2028<br \/>\n<span style=\"color: #B7B7B7;\">Pulcinella &#8211; Andika <\/span><\/p>\n<p>\u00ab\u00a0Romain Dayez as the assistant of the general plays a hilarious slapstick character (much against his own type) and creates grand moments of laughter. It\u2019s a stand-out performance. \u00bb<br \/>\n<span style=\"color: #B7B7B7;\">Les P&rsquo;tites Michu &#8211; Operetta Research Center <\/span><\/p>\n<p>\u00ab\u00a0Nous retrouvons au d\u00e9but de l\u2019op\u00e9ra le Fiorello de Romain Dayez, qui a la voix et l\u2019\u00e9nergie pour \u00eatre un Basilio d\u2019exception. Souhaitons l\u2019entendre bient\u00f4t dans un r\u00f4le qui nous offre toute l\u2019entendue de sa musicalit\u00e9. \u00bb\u2028<br \/>\n<span style=\"color: #B7B7B7;\">Il Barbiere di Siviglia &#8211; Classiquenews<\/span><\/p>\n<p>\u00ab\u00a0Romain Dayez, baryton belge, semble d&rsquo;un naturel comique. Physiquement taill\u00e9 pour attirer l&rsquo;attention, sa voix sonore honore Fiorello. \u00bb\u2028<br \/>\n<span style=\"color: #B7B7B7;\">Il Barbiere di Siviglia &#8211; Olyrix<\/span><\/p>\n<p>\u00ab\u00a0Pour Romain Dayez, baryton belge, le r\u00f4le de G\u00e9rard Cardoval n\u2019a pas de secret. Il a d\u00e9j\u00e0 de nombreuses exp\u00e9riences sur sc\u00e8ne, et ce n\u2019est pas par hasard qu\u2019il contr\u00f4le parfaitement sa voix en fonction de chaque situation sc\u00e9nique.\u00a0\u00bb<br \/>\n<span style=\"color: #B7B7B7;\">Un Soir de R\u00e9veillon &#8211; Resmusica<\/span><\/p>\n<p>\u00ab\u00a0Romain Dayez (Cardoval) impose son charisme et sa projection puissante. \u00bb<br \/>\n<span style=\"color: #B7B7B7;\">Un Soir de R\u00e9veillon &#8211; Concertonet<\/span><\/p>\n<p>\u00ab\u00a0Eric Huchet et Romain Dayez font montre de dons r\u00e9els pour la com\u00e9die, mais n\u2019en sont pas moins d\u2019excellents chanteurs.\u00a0\u00bb<br \/>\n<span style=\"color: #B7B7B7;\">La P\u00e9richole &#8211; Forum Opera<\/span><\/p>\n<p>\u00ab\u00a0\u00c9ric Huchet et Romain Dayez forment une paire de complices, ins\u00e9parables et assortis, accord\u00e9s dans leurs duos comme dans leurs mimiques (jusqu\u2019aux salutations, o\u00f9 l\u2019un passe devant l\u2019autre pour \u00eatre la vedette, pantomime digne des grands duos clownesques), l\u2019un v\u00eatu d\u2019une veste noire sous laquelle d\u00e9tonne une chemise verte, le second habill\u00e9 d\u2019une chemise bleue pimpante. Tr\u00e8s com\u00e9diens, ils ne l\u00e9sinent pas sur les exag\u00e9rations, dont ils font profiter l\u2019auditoire avec un plaisir communicatif. Les voix sont franches dans l\u2019\u00e9nonciation, projetant ais\u00e9ment, avec ce qu\u2019il faut de caract\u00e8re pour balancer entre la cr\u00e9dibilit\u00e9 de leur personnage et leurs propos parfois souriants. La clart\u00e9 du t\u00e9nor et la rondeur des m\u00e9diums du baryton s\u2019associent en des duos r\u00e9ussis et complices.\u00a0\u00bb<br \/>\n<span style=\"color: #B7B7B7;\">La P\u00e9richole &#8211; Olyrix<\/span><\/p>\n<p>\u00ab\u00a0Eric Huchet et Romain Dayez, talentueux com\u00e9diens et chanteurs de qualit\u00e9.\u00a0\u00bb<br \/>\n<span style=\"color: #B7B7B7;\">La P\u00e9richole &#8211; Classiquenews<\/span><\/p>\n<p>\u00ab\u00a0Le baryton Romain Dayez est tout \u00e0 fait \u00e0 l\u2019aise dans son r\u00f4le de jeune premier f\u00eatard, et l\u2019on guette avec int\u00e9r\u00eat son retour dans Les P\u2019tites Michu de Messager, mont\u00e9 prochainement par les m\u00eames Brigands.\u00a0\u00bb<br \/>\n<span style=\"color: #B7B7B7;\">Un Soir de R\u00e9veillon &#8211; Forum opera<\/span><\/p>\n<p>\u00ab\u00a0Le baryton Romain Dayez pr\u00eate sa voix et sa plastique apollinienne au roi-jardinier.\u00a0\u00bb<br \/>\n<span style=\"color: #B7B7B7;\">L\u2019Oristeo &#8211; journalventillo<\/span><\/p>\n<p>\u00ab\u00a0Voix d\u2019or bien sonnante, le baryton Romain Dayez \u00e0 la stature imposante s\u2019impose en faux jardinier et vraiment royal Oristeo.\u00a0\u00bb<br \/>\n<span style=\"color: #B7B7B7;\">L\u2019Oristeo &#8211; classiquenews<\/span><\/p>\n<p>\u00ab\u00a0Les sept solistes montrent un \u00e9quilibre vocal parfait, les voix sont fra\u00eeches, sensibles, nuanc\u00e9es. Dans le r\u00f4le titre, le jeune baryton Romain Dayez poss\u00e8de beaucoup d\u2019assurance.\u00a0\u00bb<br \/>\n<span style=\"color: #B7B7B7;\">L\u2019Oristeo &#8211; Vcbm<\/span><\/p>\n<p>\u00ab\u00a0Romain Dayez, remarquable dans le r\u00f4le-titre, a d\u00e9montr\u00e9 ici, \u00e0 27 ans tout juste, l\u2019\u00e9tendue d\u2019un r\u00e9el talent de com\u00e9dien mais aussi de baryton \u00e0 la carri\u00e8re prometteuse.\u00a0\u00bb\u2028<br \/>\n<span style=\"color: #B7B7B7;\">L\u2019Oristeo &#8211; Destimed<\/span><\/p>\n<p>\u00ab\u00a0Romain Dayez dote le r\u00f4le d\u2019Oristeo de l\u2019\u00e9vidence d\u2019une voix conduite sans affectation.\u00a0\u00bb<br \/>\n<span style=\"color: #B7B7B7;\">L\u2019Oristeo &#8211; Resmusica<\/span><\/p>\n<p>\u00ab\u00a0Le Bagnolet impayable, entre obs\u00e9quiosit\u00e9 et hyst\u00e9rie, de Romain Dayez.\u00a0\u00bb<br \/>\n<span style=\"color: #B7B7B7;\">Les P&rsquo;tites Michu &#8211; Concertclassic<\/span><\/p>\n<p>\u00ab\u00a0Romain Dayez campe un Bagnolet vibrionnant et hilarant.\u00a0\u00bb<br \/>\n<span style=\"color: #B7B7B7;\">Les P&rsquo;tites Michu &#8211; Forumopera<\/span><\/p>\n<p>\u00ab\u00a0L\u2019aide de camp Bagnolet, extr\u00eamement dr\u00f4le, sorte de Monsieur Hulot d\u00e9gingand\u00e9, superbe Romain Dayez.\u00a0\u00bb<br \/>\n<span style=\"color: #B7B7B7;\">Les P&rsquo;tites Michu &#8211; Transfuge<\/span><\/p>\n<p>\u00ab\u00a0Le Bagnolet pithiatique (mais jouissif !) de Romain Dayez.\u00a0\u00bb<br \/>\n<span style=\"color: #B7B7B7;\">Les P&rsquo;tites Michu &#8211; Resmusica<\/span><\/p>\n<p>\u00ab\u00a0Difficile de citer tout le monde tant la qualit\u00e9 des voix est remarquable. Mention pour Romain Dayez, qui campe un Bagnolet croquignolesque.\u00a0\u00bb<br \/>\n<span style=\"color: #B7B7B7;\">Les P&rsquo;tites Michu &#8211; Ouest France<\/span><\/p>\n<p>\u00ab Romain Dayez, avec sa voix bien pos\u00e9e de baryton, est un Bagnolet aussi eff\u00e9min\u00e9 que d\u00e9cal\u00e9.\u00a0\u00bb<br \/>\n<span style=\"color: #B7B7B7;\">Les P&rsquo;tites Michu &#8211; Olyrix<\/span><\/p>\n<p>\u00ab\u00a0Chaque personnage est tr\u00e8s bien camp\u00e9 et d\u00e9fini, avec le degr\u00e9 de caricature que l\u2019on attend et m\u00eame plus ! Romain Dayez cr\u00e9e ainsi un amusant Bagnolet particuli\u00e8rement mani\u00e9r\u00e9.\u00a0\u00bb<br \/>\n<span style=\"color: #B7B7B7;\">Les P&rsquo;tites Michu &#8211; L\u2019Atelier du chanteur<\/span><\/p>\n<p>\u00ab\u00a0Des figures jubilatoires, comme celle de \u00ab Bagnolet \u00bb (Romain Dayez) qui forme avec le \u00ab G\u00e9n\u00e9ral des Ifs \u00bb (Boris Grappe) un duo savoureux.\u00a0\u00bb<br \/>\n<span style=\"color: #B7B7B7;\">Les P&rsquo;tites Michu &#8211; Classic Agenda<\/span><\/p>\n<p>\u00ab\u00a0Romain Dayez, Bagnolet en ordonnance eff\u00e9min\u00e9e, Marie Lenormand en m\u00e8re Michu d\u00e9pass\u00e9e et Damien Bigourdan en fromager peu fut\u00e9, sont parfaits.\u00a0\u00bb<br \/>\n<span style=\"color: #B7B7B7;\">Les P&rsquo;tites Michu &#8211; Asopera<\/span><\/p>\n<p>\u00ab\u00a0Romain Dayez, aux entrechats aussi d\u00e9sopilants que sa feinte autorit\u00e9, guide lui aussi le spectateur dans des m\u00e9andres d\u2019\u00e9tonnements.\u00a0\u00bb<br \/>\n<span style=\"color: #B7B7B7;\">Les P&rsquo;tites Michu &#8211; Cmsdt-spectacles<\/span><\/p>\n<p>\u00ab\u00a0Mention sp\u00e9ciale pour Bagnolet et son feu de plancher, homme \u00e0 tout faire, personnage hyst\u00e9rico-comique dont les mimiques et liaisons douteuses ponctuent l\u2019histoire de mani\u00e8re d\u00e9cal\u00e9e.\u00a0\u00bb<br \/>\n<span style=\"color: #B7B7B7;\">Les P&rsquo;tites Michu &#8211; Le Kiosque nantais<\/span><\/p>\n<p>\u00ab\u00a0Romain Dayez est un Jupiter au charme olympien.\u00a0\u00bb<br \/>\n<span style=\"color: #B7B7B7;\">Castor et Pollux &#8211; Anaclase<\/span><\/p>\n<p>\u00ab\u00a0Romain Dayez offre un d\u00e9sopilant Baron de Trombonok.\u00a0\u00bb<br \/>\n<span style=\"color: #B7B7B7;\">Le Voyage \u00e0 Reims &#8211; Concertonet<\/span><\/p>\n<p>\u00ab\u00a0Le Rapt Invisible de Romain Dayez, baryton, accompagn\u00e9 par son harmonium indien et le violoniste Arthur Deck, v\u00e9ritable moment de gr\u00e2ce sacr\u00e9e port\u00e9 par l\u2019\u0153uvre picturale de sa m\u00e8re, Caroline Chariot-Dayez\u00a0\u00bb<br \/>\n<span style=\"color: #B7B7B7;\">La Nuit de Lumi\u00e8re &#8211; RCF<\/span><\/p>\n","protected":false},"excerpt":{"rendered":"<p>PRESSE &#8211; ODB-OPERA.COM &#8211; avril 2020 \/ magazine : Romain Dayez, baryton arty et alternatif &#8211; RTBF.BE (Musiq3) &#8211; avril 2020 \/ radio : Puisque vous avez du talent \/ Romain Dayez : \u00ab\u00a0Des r\u00e9pertoires sous-d\u00e9fendus pourraient dispara\u00eetre..\u00a0\u00bb \/ Laurent Graulus &#8211; RTBF.BE (Musiq3) &#8211; juin 2019 \/ radio : Demandez le programme \/ Camille De Rijck &#8211; RTBF.BE (Musiq3) &#8230; <a href=\"https:\/\/www.romaindayez.com\/?page_id=1733\" class=\"more-link\">Read More<\/a><\/p>\n","protected":false},"author":2,"featured_media":0,"parent":0,"menu_order":0,"comment_status":"closed","ping_status":"closed","template":"","meta":{"footnotes":""},"class_list":["post-1733","page","type-page","status-publish","hentry","no-post-thumbnail"],"_links":{"self":[{"href":"https:\/\/www.romaindayez.com\/index.php?rest_route=\/wp\/v2\/pages\/1733"}],"collection":[{"href":"https:\/\/www.romaindayez.com\/index.php?rest_route=\/wp\/v2\/pages"}],"about":[{"href":"https:\/\/www.romaindayez.com\/index.php?rest_route=\/wp\/v2\/types\/page"}],"author":[{"embeddable":true,"href":"https:\/\/www.romaindayez.com\/index.php?rest_route=\/wp\/v2\/users\/2"}],"replies":[{"embeddable":true,"href":"https:\/\/www.romaindayez.com\/index.php?rest_route=%2Fwp%2Fv2%2Fcomments&post=1733"}],"version-history":[{"count":25,"href":"https:\/\/www.romaindayez.com\/index.php?rest_route=\/wp\/v2\/pages\/1733\/revisions"}],"predecessor-version":[{"id":2438,"href":"https:\/\/www.romaindayez.com\/index.php?rest_route=\/wp\/v2\/pages\/1733\/revisions\/2438"}],"wp:attachment":[{"href":"https:\/\/www.romaindayez.com\/index.php?rest_route=%2Fwp%2Fv2%2Fmedia&parent=1733"}],"curies":[{"name":"wp","href":"https:\/\/api.w.org\/{rel}","templated":true}]}}